{"id":3681,"date":"2013-01-16T22:48:02","date_gmt":"2013-01-16T21:48:02","guid":{"rendered":"http:\/\/www.bethusyfc.ch\/?page_id=3681"},"modified":"2022-11-12T14:10:07","modified_gmt":"2022-11-12T13:10:07","slug":"cotisations","status":"publish","type":"page","link":"https:\/\/www.bethusyfc.ch\/?page_id=3681","title":{"rendered":"Cotisations"},"content":{"rendered":"\t\t<div data-elementor-type=\"wp-page\" data-elementor-id=\"3681\" class=\"elementor elementor-3681\">\n\t\t\t\t\t\t\t\t\t<section class=\"elementor-section elementor-top-section elementor-element elementor-element-cdda8a1 elementor-section-boxed elementor-section-height-default elementor-section-height-default\" data-id=\"cdda8a1\" data-element_type=\"section\">\n\t\t\t\t\t\t<div class=\"elementor-container elementor-column-gap-default\">\n\t\t\t\t\t<div class=\"elementor-column elementor-col-100 elementor-top-column elementor-element elementor-element-35f3111\" data-id=\"35f3111\" data-element_type=\"column\">\n\t\t\t<div class=\"elementor-widget-wrap elementor-element-populated\">\n\t\t\t\t\t\t\t\t<div class=\"elementor-element elementor-element-6ed42fe elementor-widget elementor-widget-spacer\" data-id=\"6ed42fe\" data-element_type=\"widget\" data-widget_type=\"spacer.default\">\n\t\t\t\t<div class=\"elementor-widget-container\">\n\t\t\t<style>\/*! elementor - v3.16.0 - 17-10-2023 *\/\n.elementor-column .elementor-spacer-inner{height:var(--spacer-size)}.e-con{--container-widget-width:100%}.e-con-inner>.elementor-widget-spacer,.e-con>.elementor-widget-spacer{width:var(--container-widget-width,var(--spacer-size));--align-self:var(--container-widget-align-self,initial);--flex-shrink:0}.e-con-inner>.elementor-widget-spacer>.elementor-widget-container,.e-con>.elementor-widget-spacer>.elementor-widget-container{height:100%;width:100%}.e-con-inner>.elementor-widget-spacer>.elementor-widget-container>.elementor-spacer,.e-con>.elementor-widget-spacer>.elementor-widget-container>.elementor-spacer{height:100%}.e-con-inner>.elementor-widget-spacer>.elementor-widget-container>.elementor-spacer>.elementor-spacer-inner,.e-con>.elementor-widget-spacer>.elementor-widget-container>.elementor-spacer>.elementor-spacer-inner{height:var(--container-widget-height,var(--spacer-size))}.e-con-inner>.elementor-widget-spacer.elementor-widget-empty,.e-con>.elementor-widget-spacer.elementor-widget-empty{position:relative;min-height:22px;min-width:22px}.e-con-inner>.elementor-widget-spacer.elementor-widget-empty .elementor-widget-empty-icon,.e-con>.elementor-widget-spacer.elementor-widget-empty .elementor-widget-empty-icon{position:absolute;top:0;bottom:0;left:0;right:0;margin:auto;padding:0;width:22px;height:22px}<\/style>\t\t<div class=\"elementor-spacer\">\n\t\t\t<div class=\"elementor-spacer-inner\"><\/div>\n\t\t<\/div>\n\t\t\t\t<\/div>\n\t\t\t\t<\/div>\n\t\t\t\t\t<\/div>\n\t\t<\/div>\n\t\t\t\t\t\t\t<\/div>\n\t\t<\/section>\n\t\t\t\t<section class=\"elementor-section elementor-top-section elementor-element elementor-element-7534b767 elementor-section-boxed elementor-section-height-default elementor-section-height-default\" data-id=\"7534b767\" data-element_type=\"section\">\n\t\t\t\t\t\t<div class=\"elementor-container elementor-column-gap-default\">\n\t\t\t\t\t<div class=\"elementor-column elementor-col-100 elementor-top-column elementor-element elementor-element-1b823b0b\" data-id=\"1b823b0b\" data-element_type=\"column\">\n\t\t\t<div class=\"elementor-widget-wrap elementor-element-populated\">\n\t\t\t\t\t\t\t\t<div class=\"elementor-element elementor-element-1f364fc elementor-widget elementor-widget-heading\" data-id=\"1f364fc\" data-element_type=\"widget\" data-widget_type=\"heading.default\">\n\t\t\t\t<div class=\"elementor-widget-container\">\n\t\t\t<style>\/*! elementor - v3.16.0 - 17-10-2023 *\/\n.elementor-heading-title{padding:0;margin:0;line-height:1}.elementor-widget-heading .elementor-heading-title[class*=elementor-size-]>a{color:inherit;font-size:inherit;line-height:inherit}.elementor-widget-heading .elementor-heading-title.elementor-size-small{font-size:15px}.elementor-widget-heading .elementor-heading-title.elementor-size-medium{font-size:19px}.elementor-widget-heading .elementor-heading-title.elementor-size-large{font-size:29px}.elementor-widget-heading .elementor-heading-title.elementor-size-xl{font-size:39px}.elementor-widget-heading .elementor-heading-title.elementor-size-xxl{font-size:59px}<\/style><h1 class=\"elementor-heading-title elementor-size-default\">Cotisations<\/h1>\t\t<\/div>\n\t\t\t\t<\/div>\n\t\t\t\t<div class=\"elementor-element elementor-element-ccbb63c elementor-widget elementor-widget-spacer\" data-id=\"ccbb63c\" data-element_type=\"widget\" data-widget_type=\"spacer.default\">\n\t\t\t\t<div class=\"elementor-widget-container\">\n\t\t\t\t\t<div class=\"elementor-spacer\">\n\t\t\t<div class=\"elementor-spacer-inner\"><\/div>\n\t\t<\/div>\n\t\t\t\t<\/div>\n\t\t\t\t<\/div>\n\t\t\t\t<div class=\"elementor-element elementor-element-7e67ccd elementor-widget__width-initial elementor-widget elementor-widget-text-editor\" data-id=\"7e67ccd\" data-element_type=\"widget\" data-widget_type=\"text-editor.default\">\n\t\t\t\t<div class=\"elementor-widget-container\">\n\t\t\t<style>\/*! elementor - v3.16.0 - 17-10-2023 *\/\n.elementor-widget-text-editor.elementor-drop-cap-view-stacked .elementor-drop-cap{background-color:#69727d;color:#fff}.elementor-widget-text-editor.elementor-drop-cap-view-framed .elementor-drop-cap{color:#69727d;border:3px solid;background-color:transparent}.elementor-widget-text-editor:not(.elementor-drop-cap-view-default) .elementor-drop-cap{margin-top:8px}.elementor-widget-text-editor:not(.elementor-drop-cap-view-default) .elementor-drop-cap-letter{width:1em;height:1em}.elementor-widget-text-editor .elementor-drop-cap{float:left;text-align:center;line-height:1;font-size:50px}.elementor-widget-text-editor .elementor-drop-cap-letter{display:inline-block}<\/style>\t\t\t\t<p style=\"text-align: justify;\">Tous les membres du FC B\u00e9thusy verse une cotisation annuelle, utilis\u00e9e principalement pour couvrir les d\u00e9penses li\u00e9es \u00e0 la 1\u00e8re \u00e9quipe.<\/p>\n<p style=\"text-align: justify;\">Les manifestations organis\u00e9es pendant l&#8217;ann\u00e9e (dont la plupart sont ouvertes aux non-membres), sont financ\u00e9es par des cotisations compl\u00e9mentaires et encaiss\u00e9es le jour de la manifestation.<\/p>\n<p style=\"text-align: justify;\">Nous distinguons 2 cat\u00e9gories de membres:<\/p>\n<ol style=\"text-align: justify;\">\n<li style=\"list-style-type: none;\">\n<ol>\n<li style=\"text-align: justify;\">Les &#8220;Passifs&#8221; sont des membres qui, pour la plupart, ont port\u00e9 fi\u00e8rement le maillot du FCB et ont depuis rang\u00e9 leurs crampons. Ils ne font donc plus partie du cadre de la 1\u00e8re \u00e9quipe, mais continuent de soutenir le Club. Il peut aussi s&#8217;agir de sympathisants qui souhaitent \u00e9galement apporter leur soutien.<br>Le montant de la cotisation annuelle s&#8217;\u00e9l\u00e8ve \u00e0&nbsp;<strong>CHF 80.-.<strong><strong><strong><br><\/strong><\/strong><\/strong><\/strong><\/li>\n<li style=\"text-align: justify;\">Les &#8220;Actifs&#8221; sont des membres qui prennent par \u00e0 la saison de Ligue Romande sous les couleurs du FCB.<br>Le montant de la cotisation annuelle s&#8217;\u00e9l\u00e8ve \u00e0 <strong>CHF 130.-<\/strong><strong>.<\/strong> Sont notamment inclus, les frais d&#8217;entretien des \u00e9quipements.<\/li>\n<\/ol>\n<\/li>\n<\/ol>\n<h5 style=\"text-align: justify;\"><strong>Comment devient-on Membre ?<\/strong><\/h5>\n<p style=\"text-align: justify;\">Les futurs Membres sont propos\u00e9s, chaque ann\u00e9e, \u00e0 l&#8217;occasion de l&#8217;Assembl\u00e9e G\u00e9n\u00e9rale (mars) par le comit\u00e9 de l&#8217;Association et sont \u00e9lus lors de celle-ci (par acclamation). Est \u00e9ligible toute personne qui a vers\u00e9 une 1\u00e8re cotisation.<\/p>\n<p style=\"text-align: justify;\">S&#8217;agissant des joueurs, la r\u00e8gle suivante est appliqu\u00e9e:<\/p>\n<ul>\n<li style=\"text-align: justify;\">Un joueur qui int\u00e8gre l&#8217;\u00e9quipe avant le d\u00e9but du 1er tour et prend donc part \u00e0 l&#8217;entier de la saison paie CHF 130.-<\/li>\n<li style=\"text-align: justify;\">Un joueur qui int\u00e8gre l&#8217;\u00e9quipe en cours de saison, mais avant le d\u00e9but du 2e tour paie CHF 80.-<\/li>\n<li style=\"text-align: justify;\">Un joueur qui int\u00e8gre l&#8217;\u00e9quipe pendant le 2e tour ne paie rien la premi\u00e8re ann\u00e9e. Il ne sera donc pas \u00e9ligible comme nouveau membre lors de la prochaine AG.<\/li>\n<\/ul>\n<h5><strong>Encaissement des cotisations<\/strong><\/h5>\n<p style=\"text-align: justify;\">Les cotisations sont per\u00e7ues durant le premier semestre afin de faire face aux d\u00e9penses de l&#8217;ann\u00e9e. Chaque membre (ainsi que les nouveaux joueurs) re\u00e7oit un courrier ou email (selon son choix de correspondance) accompagn\u00e9 d&#8217;un bulletin de versement contenant les r\u00e9f\u00e9rences pour le paiement (cf. ci-dessous):<\/p>\n<p style=\"text-align: center;\"><a href=\"https:\/\/www.bethusyfc.ch\/wp-content\/uploads\/2013\/01\/FCB_BV.jpg\" target=\"_blank\" rel=\"noopener\"><img loading=\"lazy\" decoding=\"async\" class=\"wp-image-3696 aligncenter\" title=\"FCB_BV\" src=\"https:\/\/www.bethusyfc.ch\/wp-content\/uploads\/2013\/01\/FCB_BV.jpg\" alt=\"\" width=\"653\" height=\"330\" srcset=\"https:\/\/www.bethusyfc.ch\/wp-content\/uploads\/2013\/01\/FCB_BV.jpg 907w, https:\/\/www.bethusyfc.ch\/wp-content\/uploads\/2013\/01\/FCB_BV-300x152.jpg 300w, https:\/\/www.bethusyfc.ch\/wp-content\/uploads\/2013\/01\/FCB_BV-768x389.jpg 768w\" sizes=\"auto, (max-width: 653px) 100vw, 653px\" \/><\/a><\/p>\t\t\t\t\t\t<\/div>\n\t\t\t\t<\/div>\n\t\t\t\t<div class=\"elementor-element elementor-element-4cb90a3 elementor-widget elementor-widget-spacer\" data-id=\"4cb90a3\" data-element_type=\"widget\" data-widget_type=\"spacer.default\">\n\t\t\t\t<div class=\"elementor-widget-container\">\n\t\t\t\t\t<div class=\"elementor-spacer\">\n\t\t\t<div class=\"elementor-spacer-inner\"><\/div>\n\t\t<\/div>\n\t\t\t\t<\/div>\n\t\t\t\t<\/div>\n\t\t\t\t\t<\/div>\n\t\t<\/div>\n\t\t\t\t\t\t\t<\/div>\n\t\t<\/section>\n\t\t\t\t\t\t\t<\/div>\n\t\t","protected":false},"excerpt":{"rendered":"<p>Cotisations Tous les membres du FC B\u00e9thusy verse une cotisation annuelle, utilis\u00e9e principalement pour couvrir les d\u00e9penses li\u00e9es \u00e0 la 1\u00e8re \u00e9quipe. Les manifestations organis\u00e9es pendant l&#8217;ann\u00e9e (dont la plupart sont ouvertes aux non-membres), sont financ\u00e9es par des cotisations compl\u00e9mentaires et encaiss\u00e9es le jour de la manifestation. Nous distinguons 2 cat\u00e9gories de membres: Les &#8220;Passifs&#8221; [&hellip;]<\/p>\n","protected":false},"author":4,"featured_media":0,"parent":10,"menu_order":4,"comment_status":"closed","ping_status":"closed","template":"","meta":{"_eb_attr":"","footnotes":""},"class_list":["post-3681","page","type-page","status-publish","hentry"],"aioseo_notices":[],"_links":{"self":[{"href":"https:\/\/www.bethusyfc.ch\/index.php?rest_route=\/wp\/v2\/pages\/3681","targetHints":{"allow":["GET"]}}],"collection":[{"href":"https:\/\/www.bethusyfc.ch\/index.php?rest_route=\/wp\/v2\/pages"}],"about":[{"href":"https:\/\/www.bethusyfc.ch\/index.php?rest_route=\/wp\/v2\/types\/page"}],"author":[{"embeddable":true,"href":"https:\/\/www.bethusyfc.ch\/index.php?rest_route=\/wp\/v2\/users\/4"}],"replies":[{"embeddable":true,"href":"https:\/\/www.bethusyfc.ch\/index.php?rest_route=%2Fwp%2Fv2%2Fcomments&post=3681"}],"version-history":[{"count":18,"href":"https:\/\/www.bethusyfc.ch\/index.php?rest_route=\/wp\/v2\/pages\/3681\/revisions"}],"predecessor-version":[{"id":8522,"href":"https:\/\/www.bethusyfc.ch\/index.php?rest_route=\/wp\/v2\/pages\/3681\/revisions\/8522"}],"up":[{"embeddable":true,"href":"https:\/\/www.bethusyfc.ch\/index.php?rest_route=\/wp\/v2\/pages\/10"}],"wp:attachment":[{"href":"https:\/\/www.bethusyfc.ch\/index.php?rest_route=%2Fwp%2Fv2%2Fmedia&parent=3681"}],"curies":[{"name":"wp","href":"https:\/\/api.w.org\/{rel}","templated":true}]}}